 o = g + u. Is o prime?
False
Let s(x) = x**2 - 3*x. Let h(v) = 2*v - 10. Let w be h(7). Suppose 5*k = w*k + 5. Is s(k) a composite number?
True
Let f = -64 - 125. Let s be 2/8 + f/(-12). Let o = s + -6. Is o a prime number?
False
Suppose -2*p + 36 = 2*h, 4*h - 2*p - 99 = -27. Let o = -16 + h. Is o composite?
False
Let h = 2 - 2. Suppose -5*m + h*m = -105. Is m a composite number?
True
Is (60099/18)/13 + 2/12 composite?
False
Let s be 2 - (1/(-1) - -2). Let b be (76/(-3))/(s/(-3)). Suppose 0 = -5*u + b + 109. Is u prime?
True
Suppose 3*r + 25 = 5*v, 4*r - 5*v = -22 - 3. Suppose r = 4*y - 432 - 88. Suppose y - 702 = -4*p. Is p composite?
True
Let j = 5423 - -2634. Is j a composite number?
True
Let u(p) = p + 5. Let b be u(0). Suppose 0*o = b*o - 155. Suppose -a = -2*a + o. Is a a prime number?
True
Let o = -23 - -810. Is o a composite number?
False
Let w(a) = 2*a + 302. Is w(0) a composite number?
True
Let x = 17 + -2. Suppose -x*c = -19*c + 452. Is c a prime number?
True
Suppose -5*g - 2*u = -19, -23 = -4*g + 5*u + 12. Let k be 148/g - (-2)/5. Suppose 7*d - k = 2*d. Is d composite?
True
Let r(k) = -35*k + 11. Is r(-8) a prime number?
False
Let n = -448 - -639. Is n a prime number?
True
Suppose 2*x + 3*z - 27 = -2*x, 5*z - 37 = -4*x. Let l be 2/(-3)*9/(-3). Suppose 0 = 3*h - 4*q + 11 - 125, l*q = x*h - 108. Is h a prime number?
False
Let m(o) = -135*o**3 - 2*o**2 - o. Is m(-1) a prime number?
False
Suppose 2*h = 3*h - 6. Let v be (h - 2)*18/(-4). Is v/10*(3 - 8) composite?
True
Let l(i) = i**2 - 6*i + 3. Let h be l(6). Suppose h*z - 5 = 1. Suppose 2*o = -z*n + 30, 3*o - 4 = n + 41. Is o prime?
False
Let u(y) = -y - 4. Let d be u(-6). Suppose d = -h - 2, -g + 3*h = -51. Is g a composite number?
True
Suppose 10*s + 1090 = 5*s - 3*p, 2*s = -5*p - 455. Let h = 304 + s. Is h a prime number?
True
Is ((-9)/27)/((-1)/3849) composite?
False
Is (-6)/(-4)*(-7816)/(-12) prime?
True
Let i(c) = 7 + 2*c**2 + 8*c - 12*c + 0*c**2 + 0*c**2. Is i(-5) a composite number?
True
Let a(o) = 20*o - 22. Is a(12) a prime number?
False
Let f(j) = -67*j - 1. Suppose -2*b + 1 = 5*s + 4, -2*s - 5*b + 3 = 0. Let w be f(s). Suppose -4*g + 4*o + 66 = -w, 3*g + 4*o = 85. Is g a composite number?
False
Suppose 0 = 3*d + 20 - 557. Is d composite?
False
Let u(k) = -5*k**3 + 3*k**2 + 6*k + 3. Is u(-5) a prime number?
True
Let w be ((-48)/4)/(4/(-30)). Let n = w - 64. Is n composite?
True
Let i(q) = q**2 + 10*q + 4. Let n be i(-9). Let b be (-4)/n*15/6. Is b/((12/(-74))/(-3)) composite?
False
Let i(g) = -g**2 + 3*g - 1. Let b(u) = -u**2 + 3*u. Let a(m) = 4*b(m) - 5*i(m). Let y be a(-7). Suppose 3*d + 0*d - y = 0. Is d a composite number?
True
Let h be 2/2 + (-6)/(-2). Let a(r) = 82*r - 9. Is a(h) composite?
True
Suppose -2*j + 1213 = 319. Is j composite?
True
Let j(r) = 66*r**2 - 4*r - 2. Is j(2) a prime number?
False
Is (-6*6/(-54))/((-4)/(-8286)) composite?
False
Let w(q) = 17*q**3 - q**2 - 2*q - 1. Is w(2) composite?
False
Is (278/4)/(7/14) prime?
True
Let g(x) = -x**3 - 37. Let v be 0/(2 - 1)*1. Let r be g(v). Let o = r - -72. Is o composite?
True
Let d = -15 + 9. Suppose 5*u - 261 - 34 = 0. Let t = d + u. Is t a prime number?
True
Let b(y) = -3*y**3 - 4*y**2 - 11*y - 13. Is b(-6) a composite number?
False
Let n = 2808 + -1987. Is n prime?
True
Let m be 2/((-4)/2) + 6. Let x(j) = 7*j - 2. Is x(m) a prime number?
False
Is (-4)/(-6) - (0 + 8467/(-3)) prime?
False
Let d be (-4)/14 + (-16)/(-56). Suppose -p + 2 = d, -l = 2*p + 51 - 242. Is l composite?
True
Suppose -5*o - 15 = -25. Suppose -o*f - 180 = -2*z, 0*z = -z - 5*f + 114. Is z prime?
False
Let d(k) = 1. Let j(n) = 2*n**3 + 2. Let m(l) = 3*d(l) - j(l). Is m(-3) prime?
False
Suppose 3*k + 5 = -2*k, 3*n + 95 = 4*k. Let i = 47 + n. Is i prime?
False
Suppose 4*h - 8 + 0 = 0. Suppose -h*p = 3*p - 185. Is p a composite number?
False
Suppose -3*u + 67 = -2*u. Is u a prime number?
True
Is ((-1595)/10)/(2/(-4)) a prime number?
False
Let r(j) = -119*j**3 + j**2 + j. Is r(-1) a prime number?
False
Let n = 2175 + -1511. Suppose -1 = 3*d - 13, -3*d + n = -4*f. Let m = -114 - f. Is m a prime number?
False
Suppose 3*m - 194 = 412. Let j = m - -57. Is j composite?
True
Let q = -3365 - -5794. Is q a prime number?
False
Let x(w) = w**2 - w - 6. Let j be x(0). Let g = 8 + j. Suppose 10 = 5*t - 0*t - g*c, -20 = -4*c. Is t composite?
True
Suppose -3*d + 4*w = -1271 + 482, 2*d = -2*w + 512. Is d prime?
False
Let k(z) = z**2 + 4*z + 4. Let y be k(-4). Is ((-1)/2)/(y/(-16)) a prime number?
True
Suppose 3*l = -3*f + 708, 2*f - 201 = 2*l - 669. Is l prime?
False
Suppose 6*p = -2*p + 6712. Is p prime?
True
Let w(d) = 23*d**2 - d + 1 - 4*d**2 + 13*d**2. Suppose -3*h + 2 + 4 = 0. Is w(h) prime?
True
Suppose 4*w + 3*s = 1637, w - 836 = -w + 2*s. Is w a composite number?
True
Let b(z) = z - 4. Let f be b(8). Suppose r + 4*r - 10 = 5*i, -4*r - 2*i - f = 0. Suppose k + 3*k - 56 = r. Is k a prime number?
False
Let g = -361 - -654. Is g composite?
False
Let v(s) = -5*s - 10. Let h be v(-7). Suppose 0 = -m + 124 + h. Is m a composite number?
False
Let o(h) = h**2 - 6*h - 1. Let b be o(6). Let j be (1/(b/(-12)))/(-1). Is 664/j*(-6)/4 composite?
False
Let s(p) = -p**3 - p**2 + 4*p + 4. Let o(q) = 1. Let v(k) = -5*o(k) + s(k). Let l be v(-3). Suppose 3*i - 6 - 3 = 0, -2*w + 57 = l*i. Is w prime?
False
Let i = 10 - 5. Suppose -i*f + 161 = -24. Is f a prime number?
True
Let h(x) = x**2 + 14*x - 13. Let t be h(-15). Suppose -25 = -5*m, t*d + 5*m = 4*d - 3. Is d prime?
False
Let x = 9 - 54. Let n = x + 91. Is n a prime number?
False
Let v = 1 - 2. Let i(p) = p + 3. Let x be i(-6). Is 206/3 + v/x composite?
True
Suppose -4*z = -3*z. Suppose z*f = 3*f - 63. Is f composite?
True
Let x = 968 - 47. Is x prime?
False
Let i(h) = 6*h**2 + h - 4. Let x be i(3). Let q = x + 51. Suppose 2*l - 91 = -2*l - 5*f, -3*f + q = 5*l. Is l composite?
False
Let x = 14 - 4. Suppose 2*g + 5*o = x - 0, -4*g + 2*o = 28. Is (-1)/g + (-424)/(-5) a composite number?
True
Let x be (4/(-3))/(10/(-705)). Suppose -6*s + 4*s + x = 0. Is s composite?
False
Let f = -7 - -17. Suppose -o = -t + 2*o + 87, -5*o + f = 0. Is t a prime number?
False
Let k = 288 - 149. Is k prime?
True
Let c(u) = u - 1. Let f be c(-5). Is 39 + 3/(f/4) composite?
False
Suppose -2*w - 4 = -2*t, -3*t + 1 = -2*w - 3. Suppose -2*z + 58 = -t*m + 3*m, -2*m = 2*z - 36. Is m a composite number?
True
Let o(u) be the second derivative of u**4/3 - u**2 - 3*u. Is o(-2) composite?
True
Let q(u) = u**2 - 7*u - 16. Is q(-15) composite?
True
Suppose 0*a = 12*a - 6492. Is a composite?
False
Let t be (52 - (-2 + 2)) + -1. Let d = 82 - t. Is d prime?
True
Let k = 92 - 137. Let u = k + 67. Is u prime?
False
Let k = 17 + -10. Let d(h) = h**3 - 7*h**2 - 2*h + 9. Let v be d(k). Let y(u) = -5*u. Is y(v) composite?
True
Suppose 0*k - 3*k = -102. Is k prime?
False
Suppose 4*k - 89 = -3*t - 7, 131 = 4*t + k. Is t composite?
True
Let f = -20 + 117. Is f a prime number?
True
Let r = 1741 - 342. Is r composite?
False
Is 3*(-4)/30 - (-34398)/70 a composite number?
False
Let v(c) = -c - 11. Suppose 4*d + 47 = 11. Let q be v(d). Is q/10 + 3168/15 prime?
True
Let q = -47 + 402. Is q a prime number?
False
Suppose 17 = -5*o - 3. Is (o + 93)*(1 - 0) a composite number?
False
Suppose 7*o - 2*o = 2*p + 2877, -3*o - 5*p = -1720. Suppose 0*z = 5*z - o. Is z prime?
False
Suppose -18 = 2*c - 5*c. Suppose 3*r - 49 = -2*f, 4*r - c*f = -4*f + 56. Suppose 0 = -t + r + 74. Is t prime?
True
Suppose -2*d + 4*a = -250, 396 = 6*d - 3*d + a. Is d composite?
False
Suppose 5*d - 11*d + 2262 = 0. Is d prime?
False
Suppose -3*d + 1335 = 4*m, -m + 3*m = -3*d + 1335. Is d composite?
True
Suppose 8 = 4*k - 5*t, -5*k + k + 8 = 4*t. Let h be -85 - 1/(k/(-4)). Let r = 44 - h. Is r a prime number?
True
Suppose 5*t - 30 = 5*y, y = 6*y + 15. Suppose 36 = t*p + 3. Is p a prime number?
True
Let s be 1 - 1/(-1) - 4. Is 87 + 0/(-2) - s composite?
False
Let l(n) = -n**3 - 8*n**2 - 11*n - 9. Let s be (-4)/(-10) + (-126)/15. Is l(s) a composite number?
False
Let u = 808 - 559. Is u a composite number?
True
Let w = -4 - -4. Suppose w = -5*m - 2 + 247. Is m a composite number?
True
Let n(d) = -d**3 - 6*d + 6*d + 655 + d**2. Is n(0) prime?
False
Suppose l - 2*l = -4*b + 11, 0 = 4*b + 5*l - 41. Let g